 units digit of 963746?
6
What is the hundreds digit of 45222?
2
What is the hundred thousands digit of 29803356?
8
What is the hundreds digit of 16577133?
1
What is the hundreds digit of 1658088?
0
What is the millions digit of 2170433?
2
What is the hundreds digit of 195411?
4
What is the thousands digit of 855259?
5
What is the tens digit of 515261?
6
What is the tens digit of 1350554?
5
What is the hundreds digit of 37064?
0
What is the tens digit of 128863?
6
What is the tens digit of 10657843?
4
What is the millions digit of 4239440?
4
What is the units digit of 4692933?
3
What is the hundreds digit of 7102199?
1
What is the hundred thousands digit of 2553451?
5
What is the thousands digit of 308699?
8
What is the hundred thousands digit of 184630?
1
What is the millions digit of 2565781?
2
What is the millions digit of 4144980?
4
What is the units digit of 14422578?
8
What is the hundreds digit of 401856?
8
What is the units digit of 4873914?
4
What is the tens digit of 179028?
2
What is the ten thousands digit of 11930272?
3
What is the tens digit of 438207?
0
What is the hundreds digit of 603643?
6
What is the ten thousands digit of 7880691?
8
What is the tens digit of 4586005?
0
What is the thousands digit of 17811481?
1
What is the hundred thousands digit of 833600?
8
What is the tens digit of 710073?
7
What is the thousands digit of 330241?
0
What is the hundred thousands digit of 5165067?
1
What is the hundreds digit of 240005?
0
What is the hundred thousands digit of 662971?
6
What is the thousands digit of 96673?
6
What is the thousands digit of 3756766?
6
What is the hundred thousands digit of 9734502?
7
What is the hundreds digit of 31312225?
2
What is the thousands digit of 1034225?
4
What is the hundred thousands digit of 10371750?
3
What is the hundreds digit of 251576?
5
What is the tens digit of 11573389?
8
What is the hundreds digit of 6538417?
4
What is the thousands digit of 1099259?
9
What is the millions digit of 1058144?
1
What is the hundreds digit of 791120?
1
What is the thousands digit of 9122830?
2
What is the tens digit of 121124?
2
What is the millions digit of 6072229?
6
What is the hundreds digit of 304157?
1
What is the hundred thousands digit of 155357?
1
What is the hundred thousands digit of 186432?
1
What is the ten thousands digit of 4091688?
9
What is the hundred thousands digit of 407967?
4
What is the hundreds digit of 136043?
0
What is the ten thousands digit of 167170?
6
What is the units digit of 374777?
7
What is the ten thousands digit of 362373?
6
What is the hundreds digit of 410061?
0
What is the thousands digit of 70973?
0
What is the tens digit of 1265686?
8
What is the hundreds digit of 750531?
5
What is the ten thousands digit of 162592?
6
What is the tens digit of 735945?
4
What is the tens digit of 193276?
7
What is the ten thousands digit of 82575?
8
What is the thousands digit of 847450?
7
What is the ten thousands digit of 2050548?
5
What is the hundred thousands digit of 25106695?
1
What is the thousands digit of 264959?
4
What is the millions digit of 2219213?
2
What is the ten thousands digit of 338061?
3
What is the hundreds digit of 1020761?
7
What is the ten thousands digit of 3069474?
6
What is the ten thousands digit of 386774?
8
What is the units digit of 1161976?
6
What is the ten thousands digit of 457000?
5
What is the tens digit of 1415882?
8
What is the tens digit of 13091172?
7
What is the tens digit of 345404?
0
What is the ten millions digit of 20573095?
2
What is the units digit of 25933539?
9
What is the millions digit of 1166083?
1
What is the thousands digit of 12155?
2
What is the thousands digit of 509266?
9
What is the hundreds digit of 9456172?
1
What is the tens digit of 840764?
6
What is the ten thousands digit of 360000?
6
What is the ten thousands digit of 1015894?
1
What is the tens digit of 2385418?
1
What is the hundreds digit of 601628?
6
What is the millions digit of 1034513?
1
What is the millions digit of 1092003?
1
What is the tens digit of 142116?
1
What is the thousands digit of 305674?
5
What is the hundred thousands digit of 7005960?
0
What is the thousands digit of 1526679?
6
What is the ten thousands digit of 479996?
7
What is the tens digit of 3589923?
2
What is the hundred thousands digit of 4098579?
0
What is the hundred thousands digit of 720484?
7
What is the units digit of 15354133?
3
What is the units digit of 3192343?
3
What is the units digit of 37302653?
3
What is the units digit of 711264?
4
What is the units digit of 343261?
1
What is the thousands digit of 423487?
3
What is the thousands digit of 27907?
7
What is the tens digit of 805234?
3
What is the units digit of 82433?
3
What is the hundred thousands digit of 689272?
6
What is the thousands digit of 5413481?
3
What is the thousands digit of 337350?
7
What is the units digit of 800726?
6
What is the millions digit of 6026232?
6
What is the tens digit of 942151?
5
What is the hundred thousands digit of 148511?
1
What is the hundred thousands digit of 12239531?
2
What is the ten thousands digit of 3258778?
5
What is the units digit of 216951?
1
What is the hundred thousands digit of 5721187?
7
What is the tens digit of 14386631?
3
What is the hundreds digit of 1048988?
9
What is the units digit of 552861?
1
What is the hundreds digit of 192019?
0
What is the tens digit of 592048?
4
What is the units digit of 447552?
2
What is the hundreds digit of 577787?
7
What is the thousands digit of 314354?
4
What is the ten thousands digit of 7964698?
6
What is the hundred thousands digit of 940481?
9
What is the hundreds digit of 152201?
2
What is the hundred thousands digit of 660129?
6
What is the hundred thousands digit of 6584069?
5
What is the ten thousands digit of 1916911?
1
What is the tens digit of 8220599?
9
What is the hundreds digit of 194785?
7
What is the hundred thousands digit of 15187448?
1
What is the units digit of 3954550?
0
What is the tens digit of 68496?
9
What is the millions digit of 1172800?
1
What is the thousands digit of 114917?
4
What is the ten thousands digit of 395562?
9
What is the thousands digit of 228273?
8
What is the ten thousands digit of 3543358?
4
What is the hundreds digit of 8224121?
1
What is the tens digit of 266601?
0
What is the hundreds digit of 82902?
9
What is the tens digit of 5274893?
9
What is the hundred thousands digit of 1414149?
4
What is the hundred thousands digit of 3827340?
8
What is the tens digit of 80478?
7
What is the ten thousands digit of 3161311?
6
What is the thousands digit of 2893631?
3
What is the hundred thousands digit of 12684393?
6
What is the ten thousands digit of 200988?
0
What is the tens digit of 805223?
2
What is the hundred thousands digit of 295105?
2
What is the millions digit of 33285956?
3
What is the units digit of 2677859?
9
What is the hundreds digit of 947099?
0
What is the hundreds digit of 323111?
1
What is the hundred thousands digit of 10399675?
3
What is the hundred thousands digit of 2127941?
1
What is the hundred thousands digit of 141445?
1
What is the units digit of 1600718?
8
What is the units digit of 9436778?
8
What is the units digit of 5224076?
6
What is the thousands digit of 4378351?
8
What is the thousands digit of 5024001?
4
What is the ten thousands digit of 244845?
4
What is the hundred thousands digit of 1388816?
3
What is the units digit of 334669?
9
What is the ten thousands digit of 886729?
8
What is the units digit of 838623?
3
What is the tens digit of 2976180?
8
What is the ten thousands digit of 1494958?
9
What is the millions digit of 6726876?
6
What is the tens digit of 10564505?
0
What is the units digit of 415918?
8
What is the millions digit of 8635937?
8
What is the millions digit of 1177732?
1
What is the hundreds digit of 399629?
6
What is the hundred thousands digit of 2154638?
1
What is the ten millions digit of 16162423?
1
What is the hundreds digit of 5392214?
2
What is the thousands digit of 11070149?
0
What is the ten thousands digit of 4908165?
0
What is the units digit of 973814?
4
What is the hundreds digit of 2198875?
8
What is the thousands digit of 165171?
5
What is the thousands digit of 451572?
1
What is the hundred thousands digit of 70628